
In base 2, what is 10011 - 10001101000111100110000100?
-10001101000111100101110001
In base 4, what is -10111311013 + 1013?
-10111310000
In base 13, what is b - -795264c?
795265a
In base 13, what is -7806 - 1127?
-8930
In base 6, what is 4 - 25545022?
-25545014
In base 11, what is 0 - 5218830?
-5218830
In base 8, what is 2 - -247426154?
247426156
In base 7, what is 4 - 536455610?
-536455603
In base 2, what is 10100101100001 - -1011111010?
10110001011011
In base 3, what is 110012111021112 + 12001?
110012111110120
In base 14, what is -1640 + -90bd2?
-92432
In base 5, what is -2 + -12434324?
-12434331
In base 12, what is 44 + -37394?
-37350
In base 11, what is -11 - 28916915?
-28916926
In base 8, what is 763070 + -6?
763062
In base 4, what is -11010 + 13300302210?
13300231200
In base 16, what is 399fb - 40?
399bb
In base 8, what is 1 + -2045677355?
-2045677354
In base 11, what is -6 + -1401997?
-14019a2
In base 4, what is -321 + 20012223111?
20012222130
In base 2, what is 11 + -1000111011010011?
-1000111011010000
In base 3, what is 11212101101012111 + 10?
11212101101012121
In base 6, what is -4320 - 1404?
-10124
In base 14, what is -2c - 543d0c?
-543d3a
In base 4, what is 11 + -1013323000020?
-1013323000003
In base 2, what is 111101 - 1001111001001101?
-1001111000010000
In base 16, what is -482 - 1aac4?
-1af46
In base 15, what is 8 + -4317d1?
-4317c8
In base 8, what is -35625 + -27425?
-65252
In base 8, what is 166 - -1077425?
1077613
In base 12, what is 64 + 42387?
4242b
In base 2, what is 11111011000 + 10000010?
100001011010
In base 14, what is 32c + 67a3?
6ad1
In base 7, what is -231115 - 2446?
-233564
In base 11, what is -9524 - -5815?
-380a
In base 8, what is -662 - 15134?
-16016
In base 10, what is -97920793 - 8?
-97920801
In base 13, what is -32c7a7 - 2?
-32c7a9
In base 12, what is 64272 - -7a?
64330
In base 13, what is 12849 - -3c76?
167c2
In base 14, what is -cb0 + 48553?
47683
In base 5, what is 2 + -234104040?
-234104033
In base 14, what is 1355c83 - -7?
1355c8a
In base 5, what is -3401432 + -131322?
-4033304
In base 4, what is -20323000 + -3012?
-20332012
In base 16, what is -eee + -6a1?
-158f
In base 4, what is 2120031312220 - 12?
2120031312202
In base 16, what is -5cde1 + 58?
-5cd89
In base 10, what is -30473236 - 1?
-30473237
In base 16, what is 30 + -2435a?
-2432a
In base 6, what is -10301312222 + -4?
-10301312230
In base 15, what is 130c + 11447?
12754
In base 10, what is 123236613 - -4?
123236617
In base 2, what is 10111010010101010010100101 - -1?
10111010010101010010100110
In base 11, what is 3264257 + 5?
3264261
In base 12, what is 0 - -5733ab9?
5733ab9
In base 9, what is 40 - -150202?
150242
In base 5, what is 4 + -144131443?
-144131434
In base 3, what is -12111021 + 11011212001?
10222100210
In base 13, what is -378b + -545a?
-8c18
In base 11, what is -a3aa + 643?
-9867
In base 16, what is 460 - 2428?
-1fc8
In base 15, what is -3461b8 - b4?
-34627c
In base 4, what is -10131 + 1213212313?
1213202122
In base 3, what is -11112110102212 + -111?
-11112110110100
In base 7, what is -501 + 3262?
2461
In base 3, what is 220201102 + -20001?
220111101
In base 3, what is -20200201010 + 10120102?
-20120010201
In base 9, what is -3881 - -37384?
33403
In base 16, what is 1240b - -50?
1245b
In base 5, what is 133013 + 3120143?
3303211
In base 15, what is 9 + d588a?
d5894
In base 11, what is 11184 + -955?
1032a
In base 12, what is -12 + 8b0b111?
8b0b0bb
In base 16, what is 0 + 3f972b?
3f972b
In base 10, what is 4188 - 62470?
-58282
In base 10, what is -4 - 294267792?
-294267796
In base 6, what is -2 + 45341115?
45341113
In base 16, what is 4ca9df + 0?
4ca9df
In base 9, what is 33715126 + 4?
33715131
In base 14, what is -2 + -6332c0?
-6332c2
In base 8, what is 14 - -31315144?
31315160
In base 8, what is -4 - -5725274?
5725270
In base 13, what is 8b721 - -6cb?
8c11c
In base 6, what is 3304510 + 150?
3305100
In base 14, what is 5890a14 - -4?
5890a18
In base 14, what is 16b305a + 1?
16b305b
In base 2, what is 1010010101100110 - -100110?
1010010110001100
In base 6, what is 341424 + 2241?
344105
In base 7, what is 13645512 + -51?
13645431
In base 8, what is -367 - 16202?
-16571
In base 3, what is -10 + 112101220021202?
112101220021122
In base 13, what is -30 - -9063b5?
906385
In base 6, what is -41500200 + -1302?
-41501502
In base 9, what is -4783 + 13438?
7545
In base 14, what is -7d - -771b41?
771aa2
In base 14, what is -343 + -1652a?
-1686d
In base 13, what is -2a05a + 60?
-29cca
In base 4, what is 33221331 - 10110?
33211221
In base 11, what is -52 + -6a8974?
-6a8a16
In base 13, what is -32a71551 - -3?
-32a7154b
In base 7, what is 0 + 436635642?
436635642
In base 11, what is 23031 + -260?
22881
In base 12, what is -6905166 - -2?
-6905164
In base 7, what is -35001156 + 235?
-35000621
In base 10, what is -3723193 + 65?
-3723128
In base 6, what is 12441 + -550340?
-533455
In base 11, what is a3a0 - 5977?
4524
In base 5, what is -202341 + -22014?
-224410
In base 8, what is 3577 + -2650?
727
In base 5, what is 303 - 40340402?
-40340044
In base 5, what is -1213302242 + 3?
-1213302234
In base 7, what is 1 + -1360440042?
-1360440041
In base 4, what is -323001323303 - 11?
-323001323320
In base 6, what is 5310102411 + -15?
5310102352
In base 2, what is -110 - 11000011011111011001?
-11000011011111011111
In base 2, what is -1110 - -10001000100010000001?
10001000100001110011
In base 13, what is -1bab + -44b6?
-6394
In base 16, what is -3 - -10def5?
10def2
In base 3, what is 200011 + 102210200020?
102211100101
In base 5, what is 124043 - 3000?
121043
In base 13, what is -c730 + -41c?
-cb4c
In base 11, what is -1 - 9307912?
-9307913
In base 8, what is -1 - 214357051?
-214357052
In base 13, what is 1 + 613a049?
613a04a
In base 8, what is -242523 - 5456?
-250201
In base 14, what is 7c922 + -162?
7c7a0
In base 3, what is -101020000 + -2222221?
-111012221
In base 4, what is -223102 - -1020312?
131210
In base 10, what is -4 + 13143067?
13143063
In base 12, what is -131851 + -94?
-131925
In base 8, what is 7600 + 60640?
70440
In base 5, what is -11311020 - -4044?
-11301421
In base 12, what is -19 + -610162b?
-6101648
In base 10, what is 121 + 120710?
120831
In base 5, what is 1212434131312 + -1?
1212434131311
In base 12, what is 1012837 - 9?
101282a
In base 7, what is 4306146 + -656?
4305160
In base 6, what is -41352153 + 230?
-41351523
In base 3, what is -21102000212 + 1021?
-21101222121
In base 15, what is -2b - 10ad02?
-10ad2d
In base 15, what is -b9 + -8495?
-855e
In base 2, what is -111 + -1101111000100111101001011?
-1101111000100111101010010
In base 2, what is -1111011000101010 - 100000101100?
-1111111001010110
In base 15, what is -4929 + -de56?
-13880
In base 4, what is 100032313 - 322103?
33110210
In base 10, what is 132916 + -775?
132141
In base 5, what is -141 + -214041111?
-214041302
In base 10, what is -10 - 6455817?
-6455827
In base 10, what is 17196660 + -3?
17196657
In base 12, what is 83598 + -9?
8358b
In base 10, what is 32867 - 18988?
13879
In base 13, what is -15b12 + -883?
-16695
In base 12, what is -91 + 145137?
145066
In base 7, what is 34256 + -36632?
-2343
In base 12, what is -1a1622 + 420?
-1a1202
In base 16, what is 5a181 + -209?
59f78
In base 13, what is 33 - -3697b1?
369814
In base 4, what is -2021102230 + -2?
-2021102232
In base 6, what is -1201004545 + -15?
-1201005004
In base 3, what is 2012111001021022 - 1?
2012111001021021
In base 16, what is -1689 - 4a06?
-608f
In base 3, what is -21212021 - -211?
-21211110
In base 7, what is 41620533015 - -5?
41620533023
In base 10, what is 210857 + -58?
210799
In base 7, what is 206015 - 20041?
155644
In base 4, what is 1231103 - -13123?
1310232
In base 10, what is -435138 + 402?
-434736
In base 7, what is -50126225 - 1?
-50126226
In base 11, what is -103050 - 34?
-103084
In base 15, what is 527d - 3362?
1e1b
In base 14, what is -2 - 11a238d?
-11a2391
In base 16, what is -20 + 27264?
27244
In base 4, what is -111112212 + 1111100?
-110001112
In base 13, what is -1c - -29b287?
29b268
In base 16, what is 3f1aee - -1?
3f1aef
In base 7, what is 206 + -143401?
-143162
In base 2, what is -1101000001110011101 + -11010?
-1101000001110110111
In base 6, what is 11024335 - -12445?
11041224
In base 15, wh